[INFO] cloning repository https://github.com/cfsamson/embedded-stemma-soil-sensor
[INFO] running `Command { std: "git" "-c" "credential.helper=" "-c" "credential.helper=/workspace/cargo-home/bin/git-credential-null" "clone" "--bare" "https://github.com/cfsamson/embedded-stemma-soil-sensor" "/workspace/cache/git-repos/https%3A%2F%2Fgithub.com%2Fcfsamson%2Fembedded-stemma-soil-sensor", kill_on_drop: false }`
[INFO] [stderr] Cloning into bare repository '/workspace/cache/git-repos/https%3A%2F%2Fgithub.com%2Fcfsamson%2Fembedded-stemma-soil-sensor'...
[INFO] running `Command { std: "git" "rev-parse" "HEAD", kill_on_drop: false }`
[INFO] [stdout] 05f1acf81eb682b5d3fb6a1b0a53e67c3d957c36
[INFO] checking cfsamson/embedded-stemma-soil-sensor against master#af3c6e733a40e671550e0f0f5aeecaa13772ba56 for pr-74989
[INFO] running `Command { std: "git" "clone" "/workspace/cache/git-repos/https%3A%2F%2Fgithub.com%2Fcfsamson%2Fembedded-stemma-soil-sensor" "/workspace/builds/worker-7/source", kill_on_drop: false }`
[INFO] [stderr] Cloning into '/workspace/builds/worker-7/source'...
[INFO] [stderr] done.
[INFO] validating manifest of git repo https://github.com/cfsamson/embedded-stemma-soil-sensor on toolchain af3c6e733a40e671550e0f0f5aeecaa13772ba56
[INFO] running `Command { std: "/workspace/cargo-home/bin/cargo" "+af3c6e733a40e671550e0f0f5aeecaa13772ba56" "read-manifest" "--manifest-path" "Cargo.toml", kill_on_drop: false }`
[INFO] started tweaking git repo https://github.com/cfsamson/embedded-stemma-soil-sensor
[INFO] finished tweaking git repo https://github.com/cfsamson/embedded-stemma-soil-sensor
[INFO] tweaked toml for git repo https://github.com/cfsamson/embedded-stemma-soil-sensor written to /workspace/builds/worker-7/source/Cargo.toml
[INFO] crate git repo https://github.com/cfsamson/embedded-stemma-soil-sensor already has a lockfile, it will not be regenerated
[INFO] running `Command { std: "/workspace/cargo-home/bin/cargo" "+af3c6e733a40e671550e0f0f5aeecaa13772ba56" "fetch" "--locked" "--manifest-path" "Cargo.toml", kill_on_drop: false }`
[INFO] [stderr]     Blocking waiting for file lock on package cache
[INFO] running `Command { std: "docker" "create" "-v" "/var/lib/crater-agent-workspace/builds/worker-7/target:/opt/rustwide/target:rw,Z" "-v" "/var/lib/crater-agent-workspace/builds/worker-7/source:/opt/rustwide/workdir:ro,Z" "-v" "/var/lib/crater-agent-workspace/cargo-home:/opt/rustwide/cargo-home:ro,Z" "-v" "/var/lib/crater-agent-workspace/rustup-home:/opt/rustwide/rustup-home:ro,Z" "-e" "SOURCE_DIR=/opt/rustwide/workdir" "-e" "CARGO_TARGET_DIR=/opt/rustwide/target" "-e" "CARGO_HOME=/opt/rustwide/cargo-home" "-e" "RUSTUP_HOME=/opt/rustwide/rustup-home" "-w" "/opt/rustwide/workdir" "-m" "1610612736" "--user" "0:0" "--network" "none" "rustops/crates-build-env@sha256:d92eaeed33fa75130ca1ee6c8a01d1ffb62bac859dfdfb3450e3e5d1c0146529" "/opt/rustwide/cargo-home/bin/cargo" "+af3c6e733a40e671550e0f0f5aeecaa13772ba56" "metadata" "--no-deps" "--format-version=1", kill_on_drop: false }`
[INFO] [stdout] 91fe3b61ffd30de6947df20eb36d965c581fac5c5972a3e7c92950f99b8a8c67
[INFO] [stderr] WARNING: Your kernel does not support swap limit capabilities or the cgroup is not mounted. Memory limited without swap.
[INFO] running `Command { std: "docker" "start" "-a" "91fe3b61ffd30de6947df20eb36d965c581fac5c5972a3e7c92950f99b8a8c67", kill_on_drop: false }`
[INFO] running `Command { std: "docker" "inspect" "91fe3b61ffd30de6947df20eb36d965c581fac5c5972a3e7c92950f99b8a8c67", kill_on_drop: false }`
[INFO] running `Command { std: "docker" "rm" "-f" "91fe3b61ffd30de6947df20eb36d965c581fac5c5972a3e7c92950f99b8a8c67", kill_on_drop: false }`
[INFO] [stdout] 91fe3b61ffd30de6947df20eb36d965c581fac5c5972a3e7c92950f99b8a8c67
[INFO] running `Command { std: "docker" "create" "-v" "/var/lib/crater-agent-workspace/builds/worker-7/target:/opt/rustwide/target:rw,Z" "-v" "/var/lib/crater-agent-workspace/builds/worker-7/source:/opt/rustwide/workdir:ro,Z" "-v" "/var/lib/crater-agent-workspace/cargo-home:/opt/rustwide/cargo-home:ro,Z" "-v" "/var/lib/crater-agent-workspace/rustup-home:/opt/rustwide/rustup-home:ro,Z" "-e" "SOURCE_DIR=/opt/rustwide/workdir" "-e" "CARGO_TARGET_DIR=/opt/rustwide/target" "-e" "CARGO_INCREMENTAL=0" "-e" "RUST_BACKTRACE=full" "-e" "RUSTFLAGS=--cap-lints=forbid" "-e" "CARGO_HOME=/opt/rustwide/cargo-home" "-e" "RUSTUP_HOME=/opt/rustwide/rustup-home" "-w" "/opt/rustwide/workdir" "-m" "1610612736" "--user" "0:0" "--network" "none" "rustops/crates-build-env@sha256:d92eaeed33fa75130ca1ee6c8a01d1ffb62bac859dfdfb3450e3e5d1c0146529" "/opt/rustwide/cargo-home/bin/cargo" "+af3c6e733a40e671550e0f0f5aeecaa13772ba56" "check" "--frozen" "--all" "--all-targets" "--message-format=json", kill_on_drop: false }`
[INFO] [stdout] 6ade3f983b10a6a7b8746534c9393af73366d2f9ee25a7790867526bb691d94c
[INFO] [stderr] WARNING: Your kernel does not support swap limit capabilities or the cgroup is not mounted. Memory limited without swap.
[INFO] running `Command { std: "docker" "start" "-a" "6ade3f983b10a6a7b8746534c9393af73366d2f9ee25a7790867526bb691d94c", kill_on_drop: false }`
[INFO] [stderr]    Compiling proc-macro2 v1.0.18
[INFO] [stderr]    Compiling unicode-xid v0.2.1
[INFO] [stderr]    Compiling syn v1.0.34
[INFO] [stderr]    Compiling libc v0.2.73
[INFO] [stderr]     Checking nb v1.0.0
[INFO] [stderr]     Checking void v1.0.2
[INFO] [stderr]    Compiling log v0.4.11
[INFO] [stderr]     Checking lazy_static v1.4.0
[INFO] [stderr]     Checking cfg-if v0.1.10
[INFO] [stdout] error[E0463]: can't find crate for `core`
[INFO] [stdout]   |
[INFO] [stdout]   = note: the `armv7-unknown-linux-gnueabihf` target may not be installed
[INFO] [stdout] 
[INFO] [stdout] 
[INFO] [stdout] error: aborting due to previous error
[INFO] [stdout] 
[INFO] [stdout] 
[INFO] [stdout] For more information about this error, try `rustc --explain E0463`.
[INFO] [stdout] 
[INFO] [stdout] error[E0463]: can't find crate for `core`
[INFO] [stdout]   |
[INFO] [stdout]   = note: the `armv7-unknown-linux-gnueabihf` target may not be installed
[INFO] [stdout] 
[INFO] [stdout] 
[INFO] [stdout] error[E0463]: can't find crate for `core`
[INFO] [stdout]   |
[INFO] [stdout]   = note: the `armv7-unknown-linux-gnueabihf` target may not be installed
[INFO] [stdout] 
[INFO] [stdout] 
[INFO] [stdout] error: aborting due to previous error
[INFO] [stdout] 
[INFO] [stdout] 
[INFO] [stdout] For more information about this error, try `rustc --explain E0463`.
[INFO] [stdout] 
[INFO] [stdout] error: aborting due to previous error
[INFO] [stdout] 
[INFO] [stdout] 
[INFO] [stdout] For more information about this error, try `rustc --explain E0463`.
[INFO] [stdout] 
[INFO] [stderr] error: could not compile `nb`.
[INFO] [stderr] 
[INFO] [stderr] To learn more, run the command again with --verbose.
[INFO] [stderr] warning: build failed, waiting for other jobs to finish...
[INFO] [stdout] error[E0463]: can't find crate for `std`
[INFO] [stdout]   |
[INFO] [stdout]   = note: the `armv7-unknown-linux-gnueabihf` target may not be installed
[INFO] [stdout] 
[INFO] [stdout] 
[INFO] [stdout] error: aborting due to previous error
[INFO] [stdout] 
[INFO] [stdout] 
[INFO] [stdout] For more information about this error, try `rustc --explain E0463`.
[INFO] [stdout] 
[INFO] [stderr] error: build failed
[INFO] running `Command { std: "docker" "inspect" "6ade3f983b10a6a7b8746534c9393af73366d2f9ee25a7790867526bb691d94c", kill_on_drop: false }`
[INFO] running `Command { std: "docker" "rm" "-f" "6ade3f983b10a6a7b8746534c9393af73366d2f9ee25a7790867526bb691d94c", kill_on_drop: false }`
[INFO] [stdout] 6ade3f983b10a6a7b8746534c9393af73366d2f9ee25a7790867526bb691d94c
